66. What are the prime factors of w?
5843
Let f = -64 - -67. Suppose -13*t = -f*t - 4140. Suppose 0 = -32*s + 38*s - t. What are the prime factors of s?
3, 23
List the prime factors of 0 - (-2)/3*(48670 + -13).
2, 7, 331
What are the prime factors of 3/(30708/10232 + -3)?
2, 1279
Suppose y - 32 = -3*q, 3*q + 2*q = 3*y - 152. Let w = y - -234. List the prime factors of w.
2, 139
Suppose 0 = 2*x + 4*c - 10538, 18*x - 15*x = -5*c + 15802. List the prime factors of x.
3, 1753
Let p(c) = c - 1. Let k be p(5). Suppose -89 = -5*n - 0*q + k*q, 4*q + 4 = 0. Suppose 0 = -18*v + n*v + 137. What are the prime factors of v?
137
Let g(d) = -309*d + 904. What are the prime factors of g(-24)?
2, 5, 13
Let f = 44 + -27. Let d(t) = 2 - 4 - f*t + 5. What are the prime factors of d(-3)?
2, 3
Let y(g) = -22*g + 5. Suppose 7 = -4*w + 19. Let m be y(w). Let s = m + 91. What are the prime factors of s?
2, 3, 5
Let s be (26/(-3) - -4 - -4)*-3. Suppose -2 = -m, 4*f + 0*m + s*m = 1136. List the prime factors of f.
283
Suppose -3351 - 7809 = -10*f. Suppose 7*g = f + 1166. List the prime factors of g.
2, 163
Let o(g) = -9*g + 2476. List the prime factors of o(39).
5, 17
Suppose 0 = -14*w + 2*w + 12. What are the prime factors of (w/2)/((-17)/(-31450))?
5, 37
Let x = 73 + -75. List the prime factors of x*6/((-72)/2622).
19, 23
Let b(g) = 8*g - 21. Let c be b(9). Suppose 0 = -n + 31 - c. List the prime factors of 1*645/n*(-8)/3.
2, 43
Let n be (-414)/6*(2 + -1). Suppose 0 = -3*d + 15 + 405. Let s = n + d. What are the prime factors of s?
71
Let n(p) = 22*p**2 - 36*p + 90. List the prime factors of n(-36).
2, 3, 11, 151
Suppose 0 = 65*q - 177300 - 187285. List the prime factors of q.
71, 79
Suppose 0 = -1691*s + 1690*s, y - 17058 = -4*s. List the prime factors of y.
2, 3, 2843
Let b(w) = w**3 + 5*w**2 + w + 2. Let g be b(-5). Let x be (1 - g/(-2))/(2/(-124)). Suppose -92 = -x*k + 30*k. What are the prime factors of k?
2, 23
Suppose -4*d - 2 + 10 = 0. Let f(z) = 2*z**3 + 11*z**2 + 9*z + 21. Let t be f(-5). List the prime factors of (12/(-3))/d - t*-254.
2, 3, 7
Let i = 21253 + -14671. What are the prime factors of i?
2, 3, 1097
Suppose -5*s + 161211 = 5*q - 9*q, 161191 = 5*s + q. List the prime factors of s.
103, 313
Suppose 5*s + 5*i = 1450, 4*s + s + i = 1446. Suppose x + d = s, -3*x = -4*d + 9*d - 859. What are the prime factors of x?
293
Let y = 1419 + -189. List the prime factors of y/4*(-4)/(-3).
2, 5, 41
Let m(i) = i**3 + 12*i**2 - 8*i + 38. Suppose 6*h = 7*h + 12. List the prime factors of m(h).
2, 67
Suppose -168986 = -28*r + 786822. List the prime factors of r.
2, 17, 251
Let l(b) = 2*b**2 + 9*b + 4. Let v be l(-4). Suppose v = -3*a + 2*g + 53 + 13, -15 = -5*g. Let r = a - -73. What are the prime factors of r?
97
Let j(p) = 21*p - 102. Let d be j(5). Suppose 2978 = d*u + 4*k - 10, 5*u - 3*k - 4980 = 0. List the prime factors of u.
2, 3, 83
Let g = 73105 - 50817. What are the prime factors of g?
2, 7, 199
Suppose -42*l - 4193288 = -130*l. List the prime factors of l.
17, 2803
Suppose 9*a = 294 - 123. Suppose 0 = 4*g - a + 99. Let c(h) = -3*h + 4. What are the prime factors of c(g)?
2
Let k(j) = -475*j + 1103. List the prime factors of k(-14).
7753
Let b = 11 - 15. Suppose 267*x - 269*x = 0. What are the prime factors of (-905 + x/1)*b/20?
181
Suppose -190 = 6*l - 11*l - 5*y, 177 = 4*l - y. List the prime factors of l*(-424)/(-24) - 3/(-9).
2, 5, 19
Let y = 4553 - -32369. List the prime factors of y.
2, 18461
Let l be (-4 + 940/15)/(3/(-9)). Let p be (-44)/l - (-1 + (-65)/(-4)). List the prime factors of 410/25 + (-9)/p.
17
Let k(j) = -6*j**3 + 312*j**2 - 13*j - 48. What are the prime factors of k(50)?
2, 7, 13, 23
Let s(o) = -1485*o + 1910. List the prime factors of s(-34).
2, 5, 131
Let x(p) = -13*p + 49. Let u(j) = -13*j + 50. Let w = -24 + 22. Let z(l) = w*u(l) + 3*x(l). List the prime factors of z(-15).
2, 11
Suppose -4*p + 28 = 4. Let z = -28 - p. Let r = 42 + z. What are the prime factors of r?
2
Suppose 0*v + 3*h = 5*v - 496, -5*v - 4*h = -482. Let l = 140 - v. What are the prime factors of (-4)/((-12)/l + (-432)/(-1659))?
2, 79
Let m = 29510 - 18744. What are the prime factors of m?
2, 7, 769
Suppose 28 = -150*t + 157*t. Suppose 5*a - 5*g = 2070, t*g - 1974 + 725 = -3*a. What are the prime factors of a?
5, 83
Suppose z + 3*z = -4*f + 48, -41 = -3*z - 4*f. Let v(c) = 17*c**2 - 20*c + 28. What are the prime factors of v(z)?
7, 103
List the prime factors of ((-157625)/(-39) + -1)*(15 + -3).
2, 11, 19, 29
Let x = 429 - 290. Let y be 1/(0 - (-1)/2). Suppose -27 - x = -y*n. List the prime factors of n.
83
Let k = 2591 + 8678. What are the prime factors of k?
59, 191
Let f = 67133 - 25784. What are the prime factors of f?
3, 7, 11, 179
Let a = -33 - -53. Let o be ((-16)/(-24))/((2 + 0)/12). Suppose -3*t + a = -o. What are the prime factors of t?
2
Let h = 54291 - 20407. What are the prime factors of h?
2, 43, 197
Suppose -30744 = 549*f - 563*f. What are the prime factors of f?
2, 3, 61
Suppose -4*b - m = 4*m - 5, 3 = 3*b + 3*m. Suppose b = -g + 2*v + 195, 3*g - 3*v + 7*v - 625 = 0. What are the prime factors of g?
7, 29
Suppose 17 = -3*z - 10. Let i be 2/z*(-14 - -5). Suppose -5*j = k + 16 - 46, -i*j = k - 15. What are the prime factors of k?
5
Suppose -4*z = 5*k - 4 + 21, 1 = -k - 2*z. Let y = 632 - k. What are the prime factors of y?
7, 13
Suppose 2*j = -5*n + 66137, 0 = 5*j + 2*n + 69042 - 234374. List the prime factors of j.
2, 3, 11, 167
Let h = -35296 + 78398. List the prime factors of h.
2, 23, 937
What are the prime factors of (-82448)/(-6)*(-861)/(-574)?
2, 5153
Let d(f) = -f**3 - 15*f**2 - 8*f + 23. Let j be d(-16). Suppose 0 = -3*k + 2*w + j + 1414, -620 = -k + 5*w. What are the prime factors of k?
5, 11
Let g be ((-92)/(-5))/(28/840). Suppose p - 204 = g. List the prime factors of p.
2, 3, 7
Let a = 7065 + -4430. List the prime factors of a.
5, 17, 31
Let n(r) = 109*r**3 - 47*r**2 - 2*r - 6. List the prime factors of n(5).
2, 6217
Let x = -3938 + 7112. What are the prime factors of x?
2, 3, 23
Let l = 199 + 387. Let q = -110 + l. List the prime factors of q.
2, 7, 17
Let n(j) = 10*j - 1097. Let y(z) = -z. Let v(p) = -n(p) + 5*y(p). What are the prime factors of v(0)?
1097
Suppose -265*u + 138*u - 311456 = -135*u. What are the prime factors of u?
2, 9733
Let h be -4 - 1/(4915/4920 + -1). Let c = h + -404. List the prime factors of c.
2, 3
What are the prime factors of (12/(-60))/(-4*(-1)/(-47660))?
2383
Suppose -91*f + 93*f - 52 = 0. List the prime factors of (2 + -3 - 1)/(f/(-1937)).
149
Let j(n) = -4*n - 13. Suppose d = 5*p + 60, -3*d = p - 3 + 31. Let t be j(p). Suppose t + 16 = 3*l + 5*r, 4*l - 4*r - 52 = 0. What are the prime factors of l?
3, 5
Suppose -6*i = -2881 + 895. Let f = 410 + i. What are the prime factors of f?
3, 13, 19
Let b(o) = 53*o + 2. Let g be b(1). Suppose 5*y - g = -10. Let x(n) = 7*n + 13. What are the prime factors of x(y)?
2, 19
Let g = -6 + 24. Let j be (g/(-27))/(2/21). Let z(u) = -u**3 - u**2 + 2*u - 19. What are the prime factors of z(j)?
3, 29
Let b = -2755 + 21389. List the prime factors of b.
2, 7, 11
Suppose 0 = 34*r - 51*r + 24956. Suppose 3*h + r - 4300 = 0. What are the prime factors of h?
2, 59
Let a = -5462 - -9747. What are the prime factors of a?
5, 857
Let x = -721 - -722. Let j(f) be the third derivative of 29*f**6/120 + f**5/60 - 4*f**2. List the prime factors of j(x).
2, 3, 5
Suppose n + 3*n - 4*a = 344, 147 = 2*n + 3*a. Let i(c) = 28*c - 1. Let j be i(4). Suppose -n - j = -3*l. List the prime factors of l.
2
Let y = 61 + 27. Let a = y + 103. List the prime factors of a.
191
Suppose 13*d - 15834 = -0*d. Let u = -713 + d. List the prime factors of u.
5, 101
Let l(z) = 27*z**2 - 7*z + 28. Let r(a) = 7*a - 45. Let u be r(7). List the prime factors of l(u).
2, 3
Let x = 1929 - 233. What are the prime factors of x?
2, 53
Let l be -2 + (-5)/((-10)/216). Let r = 726 - 663. Let g = l - r. List the prime factors of g.
43
Let c(l) = -124*l + 124. Let m(g) = -26*g + 454. Let n be m(18). What are the prime factors of c(n)?
2, 3, 5, 31
Let o = 3 + 15. Let t(s) = -6 - 2*s + o - 11 + 5*s**2. List the prime factors of t(-2).
5
Let h = 838 - 833. Suppose h*w - 5914 = 2*u, w = -2*w - 3*u + 3540. List the prime factors of w